- -380?
261185
In base 13, what is -10cab52 + 15?
-10cab3a
In base 7, what is 1166 + -1046?
120
In base 10, what is 10 - -309141?
309151
In base 9, what is 4 + 42574338?
42574343
In base 8, what is 27500763 + 7?
27500772
In base 7, what is -154640 + 6022?
-145615
In base 5, what is -4014411 - -3422?
-4010434
In base 10, what is -21939 + 1488?
-20451
In base 7, what is 156662602 + 46?
156662651
In base 16, what is 39c5 + -133d?
2688
In base 6, what is -102 + -14505221?
-14505323
In base 13, what is 1 + -56893a?
-568939
In base 3, what is 110122100210 - -1121?
110122102101
In base 7, what is 1200532 - 241?
1200261
In base 2, what is -1001001000000011111111010 - 100?
-1001001000000011111111110
In base 10, what is 41 - 107697?
-107656
In base 6, what is -4 - 15121433333?
-15121433341
In base 11, what is 1119a1 - 3?
111999
In base 11, what is 1a1848 - -26?
1a1873
In base 6, what is -10254 - 5550?
-20244
In base 12, what is 11489b87 + 4?
11489b8b
In base 10, what is -1 - -4837623?
4837622
In base 6, what is -10242325 + 2254?
-10240031
In base 8, what is 50053 + -1014?
47037
In base 3, what is 110102201112110 + 11?
110102201112121
In base 15, what is -8d0583 - -a?
-8d0578
In base 4, what is -113202213002 + -1111?
-113202220113
In base 10, what is -19014760 - -2?
-19014758
In base 12, what is 40b8 + 395?
4491
In base 6, what is 555 - -1503314?
1504313
In base 10, what is -800233 - -8?
-800225
In base 10, what is -66749567 - 5?
-66749572
In base 7, what is 161 + 524133?
524324
In base 11, what is -360 + 12581?
12221
In base 5, what is -13302 - -22300224?
22231422
In base 8, what is 1 + -27435262?
-27435261
In base 3, what is 11 + 11002212211122?
11002212211210
In base 12, what is -61 - 39552a4?
-3955345
In base 5, what is -42310434 - 14?
-42311003
In base 11, what is 43984 + -2071?
41913
In base 15, what is -1385c7 + 2d?
-138599
In base 16, what is -2 + 8392ce?
8392cc
In base 12, what is 318b79 - -2?
318b7b
In base 14, what is -62d89 + -32?
-62dbb
In base 15, what is -1 + -80463?
-80464
In base 2, what is 100101110100011100110 - 1?
100101110100011100101
In base 7, what is 5530444 - 353?
5530061
In base 14, what is c8891 - 2?
c888d
In base 14, what is 35943da2 + -3?
35943d9d
In base 2, what is -10111100 + -100100111011000111000?
-100100111011011110100
In base 4, what is -23302130 - 112320?
-30021110
In base 3, what is -20 - -11112212212220?
11112212212200
In base 5, what is 1412014 + 201?
1412220
In base 15, what is 2e - 1ace9b?
-1ace6c
In base 13, what is c6 + 32432?
32528
In base 12, what is -468 - 3a8301?
-3a8769
In base 14, what is 5ca + -6a14?
-6428
In base 4, what is -131110010 + 3311?
-131100033
In base 13, what is -7b + -24736?
-247b4
In base 5, what is -240032 + -2321222?
-3111304
In base 7, what is 11510 - -10623?
22433
In base 15, what is -4 + a13ebc?
a13eb8
In base 14, what is -16998 - 17?
-169b1
In base 3, what is -111 - 10120211101?
-10120211212
In base 9, what is -1 - 4274457?
-4274458
In base 2, what is -1101000100100000001011010 + -1?
-1101000100100000001011011
In base 7, what is 366 - -15050?
15446
In base 7, what is -64062236 + -15?
-64062254
In base 13, what is -1563 - -c525?
ac92
In base 3, what is -111110000212 - 21?
-111110001010
In base 14, what is -d44a4 - 2?
-d44a6
In base 7, what is 201 - -4361406?
4361610
In base 14, what is c0566 + -8?
c055c
In base 15, what is -414c0 - 94b?
-41e1b
In base 3, what is -10221221101201 + 12?
-10221221101112
In base 13, what is 45 - 539202?
-53918a
In base 12, what is 92 + 30bb3?
31085
In base 16, what is 50e - 8a?
484
In base 10, what is -56538 - 5777?
-62315
In base 4, what is -32031332100 - 20?
-32031332120
In base 3, what is -22020200111002 - 101?
-22020200111110
In base 8, what is 235660055 - 5?
235660050
In base 4, what is -132000 + 320210?
122210
In base 13, what is -5 - 14c21c4?
-14c21c9
In base 13, what is 4c + -6ab67?
-6ab18
In base 6, what is -14121523 + -22?
-14121545
In base 16, what is -12 - 20970c?
-20971e
In base 9, what is 28231 - -6010?
35241
In base 7, what is 20234501 - 251?
20234220
In base 8, what is 5035542 - -654?
5036416
In base 9, what is 147315 - 671?
146534
In base 11, what is -15467 + -29?
-15495
In base 13, what is -1173 - -5c6a0?
5b52a
In base 13, what is -10 + 53872a?
53871a
In base 12, what is -4a + -1666751?
-166679b
In base 2, what is 1 - 10111111111001111011101?
-10111111111001111011100
In base 14, what is d - -2c5b21?
2c5b30
In base 13, what is -169308 + 54?
-169284
In base 4, what is 2 + -1212023311322?
-1212023311320
In base 2, what is -11001000010100111110111000 + -1?
-11001000010100111110111001
In base 5, what is -10 + 2441143443?
2441143433
In base 16, what is e + e3f29?
e3f37
In base 3, what is -120 + -201011101022010?
-201011101022200
In base 7, what is 1221563420 + 4?
1221563424
In base 5, what is 203 + -143221023?
-143220320
In base 12, what is -19 - -1b805a3?
1b80586
In base 4, what is 201300301321 - 10?
201300301311
In base 14, what is -59 + b1d310?
b1d295
In base 15, what is 36 - -caec8?
cb00e
In base 15, what is -36b563 - -2?
-36b561
In base 4, what is -11202023002301 + 3?
-11202023002232
In base 16, what is -2c88b - 22d?
-2cab8
In base 12, what is 13b4a9 + -36?
13b473
In base 16, what is -11dc04 - -1?
-11dc03
In base 2, what is 10101111 + 10101110000101000010?
10101110000111110001
In base 2, what is 110101100011010000000 + 1?
110101100011010000001
In base 16, what is 25cfb + 63?
25d5e
In base 16, what is 63a5ebf - -1?
63a5ec0
In base 11, what is 1106560 + 2a6?
1106856
In base 2, what is 101110011 - -1011011011101011011?
1011011100011001110
In base 11, what is -3 + -319a906?
-319a909
In base 12, what is 385861 + -9?
385854
In base 9, what is -12 + -131765?
-131777
In base 5, what is 32413033 + 400?
32413433
In base 13, what is 242a27 + -576?
242481
In base 11, what is -1 - 5925a9?
-5925aa
In base 10, what is 4805 - -1151?
5956
In base 9, what is 6 + -15513061?
-15513054
In base 11, what is -29254a - -10?
-29253a
In base 5, what is -10 + -1312103014?
-1312103024
In base 12, what is 570 + -628310?
-627960
In base 9, what is -136860050 + 10?
-136860040
In base 8, what is 43412352 + 5?
43412357
In base 9, what is -5388378 - -6?
-5388372
In base 11, what is -3477 - -4188?
811
In base 5, what is 2214243 + -1002?
2213241
In base 6, what is 22053031 + 13?
22053044
In base 8, what is 13 - -5663471?
5663504
In base 6, what is -5353425301 - -4?
-5353425253
In base 15, what is -526e85 - -8?
-526e7c
In base 10, what is -46542994 - 2?
-46542996
In base 3, what is -22000100222012222 + 0?
-22000100222012222
In base 2, what is -101000111100111001 - 110010010?
-101001000011001011
In base 12, what is 18043 - -65?
180a8
In base 8, what is 230 - -257175?
257425
In base 13, what is 95a + -1b2aa7?
-1b214a
In base 12, what is 4b31 - 559?
4594
In base 3, what is -11 - 1221120122120?
-1221120122201
In base 5, what is -2441 + 111000341?
110442400
In base 10, what is 959175130 - -3?
959175133
In base 4, what is 100220 + -131023?
-30203
In base 10, what is -59112 + -198?
-59310
In base 16, what is 22ea3151 - 3?
22ea314e
In base 6, what is -13342224 + -1331?
-13343555
In base 5, what is 0 + -14141141041?
-14141141041
In base 12, what is 5 + -96028a?
-960285
In base 7, what is -33064513 - -1?
-33064512
In base 14, what is ac4c + -697?
a595
In base 2, what is -10011 + 101111001100010001011100?
101111001100010001001001
In base 3, what is -211110101 - 110021?
-211220122
In base 8, what is -117261 - -62?
-117177
In base 13, what is 28a1c - -47?
28a66
In base 15, what is -34c96 - -e?
-34c87
In base 9, what is -250120 - 3752?
-253872
In base 12, what is -1655177 + -45?
-1655200
In base 14, what is -5 + -2c1398?
-2c139d
In base 6, what is 0 + -100434134?
-100434134
In base 5, what is 4322 + -2020434?
-2011112
In base 9, what is -5888 + 412?
-5476
In base 8, what is -467 - 152540?
-153227
In base 15, what is 50bab3 - -2b?
50bade
In base 3, what is 102111 - -212221222010?
212222101121
In base 15, what is 210a654 + 0?
210a654
In base 2, what is -1100100 - -1010000001011010?
1001111111110110
In base 16, what is 4 + 8ddad8?
8ddadc
In base 3, what is 21110210021020 - 20?
21110210021000
In base 15, what is -19136362 + -1?
-19136363
In base 12, what is 23999 + -591?
23408
In base 7, wha